mine w(-32).
-312
Let g(d) = 4*d**2 + 43*d - 99. Calculate g(-12).
-39
Let k(h) = -h**3 + 636*h**2 - 546*h - 56534. Calculate k(635).
-19
Let n(m) = m**3 - 336*m**2 + 212*m + 370510. Calculate n(332).
-2
Let s(q) = 3328*q - 3698. Give s(2).
2958
Let c(g) = -564*g**3 - 6768*g**2 - 39*g - 12. Determine c(-12).
456
Let b(r) = -r**3 + 78*r**2 + 204*r - 3549. Determine b(80).
-29
Let r(o) = 38*o**3 + 14*o**2 + 1. Give r(-3).
-899
Let b(c) = 5*c**3 - 3539*c**2 - 700*c - 5622. Calculate b(708).
42
Let n(i) = 4*i**3 - 10*i**2 - 562*i - 2239. Calculate n(-4).
-407
Let v(i) = 2*i**3 + 22*i**2 + 166*i - 91. Calculate v(-11).
-1917
Let d(w) = -w**3 - 15*w**2 + 37*w + 307. Calculate d(-8).
-437
Let d(a) = 1474*a - 723808. Calculate d(491).
-74
Let s(i) = 90050*i - 1981103. Give s(22).
-3
Let g(i) = i**3 + 169*i**2 + 2304*i - 86. What is g(-15)?
4
Let x(q) = q**3 + 2*q**2 + 3221*q - 9686. Calculate x(3).
22
Let p(y) = -325*y**2 + 3293*y - 41. Determine p(10).
389
Let v(z) = 520*z - 612. What is v(1)?
-92
Let u(r) = -3*r**2 + 66*r - 466. What is u(14)?
-130
Let d(z) = z**2 + 9198*z - 341702. Give d(37).
-7
Let r(d) = 6*d**2 - 28*d - 1261. Calculate r(-17).
949
Let c(j) = 2*j**3 + 34*j**2 - 11*j - 3. What is c(-3)?
282
Let n(r) = r**2 + 379189*r + 9099972. Determine n(-24).
12
Let i(g) = 2*g**3 + 16*g**2 + 91*g + 932. What is i(-8)?
204
Let u(m) = -m**2 - 983*m + 137250. Give u(-1107).
-18
Let r(d) = -2*d**2 - 20213*d - 282554. Calculate r(-14).
36
Let r(j) = 523*j + 10898. What is r(-26)?
-2700
Let t(b) = -b**2 - 492*b - 39888. Determine t(-102).
-108
Let w(l) = -3*l**2 - 72*l - 508. What is w(-23)?
-439
Let y(f) = f**3 + 17*f**2 + 1068*f - 3401. Determine y(3).
-17
Let j(n) = 19*n**2 + 257*n + 284. Calculate j(-7).
-584
Let x(y) = y**3 - 280*y**2 - 14996*y - 1084. Give x(326).
-1084
Let q(r) = -r**3 - 33*r**2 + r - 96. Determine q(-33).
-129
Let h(c) = -c**2 - 36289*c - 544109. Calculate h(-15).
1
Let s(x) = 7*x**2 - 1673*x + 26426. Determine s(17).
8
Let m(d) = -9*d**2 + 1230*d + 175. Give m(136).
991
Let c(w) = -7*w**3 - 157*w**2 + 2011*w + 45707. Determine c(-22).
13
Let q(b) = b**3 + 256*b**2 + 3981*b + 88210. Determine q(-241).
4
Let a(i) = -i**2 + 12*i + 19. Determine a(8).
51
Let m(x) = 1330130*x - 10641037. Determine m(8).
3
Let p(y) = -15*y**2 - 19*y + 87. What is p(6)?
-567
Let u(y) = y**3 + 55*y**2 + 511*y + 2786. Determine u(-45).
41
Let a(p) = -p**3 - 4*p**2 + 106*p - 278. Calculate a(6).
-2
Let r(x) = -23*x**3 - 6279*x**2 + 9*x + 2445. Give r(-273).
-12
Let z(j) = 3*j**3 + 159*j**2 + 450*j - 1622. Determine z(-5).
-272
Let k(g) = g**3 - 65*g**2 - g - 118. Calculate k(65).
-183
Let c(g) = 33336*g - 1366846. Determine c(41).
-70
Let l(o) = -2*o**3 + 3*o**2 - 19*o. Give l(0).
0
Let u(n) = 11559*n - 369918. Determine u(32).
-30
Let m(x) = -3056*x + 16927. Determine m(5).
1647
Let k(z) = z**2 + 313*z - 115758. Determine k(218).
0
Let b(s) = -2107*s + 189836. Give b(90).
206
Let h(a) = a**3 + 281*a**2 - 368*a - 103397. What is h(-281)?
11
Let a(w) = 3*w**2 + 319*w + 3336. Calculate a(-10).
446
Let d(g) = g**2 + 241*g + 1267. Determine d(-220).
-3353
Let r(b) = -11130*b - 22257. Calculate r(-2).
3
Let x(t) = t**2 + 1731*t + 320722. Determine x(-211).
2
Let m(c) = 4*c**3 + 289*c**2 + 76*c + 288. What is m(-72)?
0
Let t(j) = -4*j**3 - 31*j**2 + 207*j + 1455. Calculate t(-9).
-3
Let r(q) = -206*q - 1133. Calculate r(-6).
103
Let o(k) = -41*k**2 + 787*k + 15. Give o(19).
167
Let q(a) = -2*a**3 - 102*a**2 + 4762*a + 242216. Calculate q(-52).
0
Let t(u) = 576*u + 88212. Determine t(-155).
-1068
Let y(w) = 35*w**2 + 768*w - 2315. Calculate y(3).
304
Let g(k) = -1328*k - 31928. What is g(-24)?
-56
Let y(g) = -5*g**2 + 57983*g + 115975. Calculate y(-2).
-11
Let j(s) = -4543*s - 22923. Determine j(-5).
-208
Let l(j) = j**3 - 30*j**2 - 304*j - 91. Determine l(38).
-91
Let p(m) = -10093*m + 30750. Determine p(3).
471
Let g(y) = -y**3 - 7*y**2 - 34*y + 38. What is g(-7)?
276
Let x(c) = 2*c**3 - 148*c**2 + 3054*c - 19171. What is x(16)?
-3
Let v(n) = -934*n + 22370. What is v(24)?
-46
Let y(m) = -264*m + 39245. Calculate y(179).
-8011
Let w(y) = -39*y**3 + y**2 + 10631*y + 10630. Calculate w(-1).
39
Let o(s) = 57*s**3 + 290*s**2 + 7*s - 94. Calculate o(-5).
-4
Let p(v) = 736*v - 7406. Determine p(10).
-46
Let t(j) = -j**2 - 180*j + 5604. Give t(27).
15
Let w(s) = -7820*s - 320551. Determine w(-41).
69
Let x(n) = -n**3 + 26*n**2 + 1123*n + 204. What is x(49)?
8
Let j(p) = p**3 - 425*p**2 - 2186*p + 15479. Calculate j(430).
-1
Let w(l) = 2*l**2 - 422*l - 4648. Give w(221).
-228
Let z(d) = -11204*d + 258395. Determine z(23).
703
Let a(b) = -b**3 + 51*b**2 + 89*b - 4693. Determine a(51).
-154
Let k(h) = 52600*h - 105249. Calculate k(2).
-49
Let f(r) = r**2 - 2*r - 5962. What is f(-76)?
-34
Let p(x) = x**3 - 52*x**2 - 334*x + 6152. What is p(56)?
-8
Let g(r) = 18*r**2 - 9030*r - 27105. What is g(-3)?
147
Let l(k) = k**2 + 643*k - 317037. Determine l(327).
153
Let h(s) = -s**3 - 1390*s**2 + 9757*s + 124. Give h(7).
-30
Let z(x) = 2*x**3 + 108*x**2 + 222*x + 777. Calculate z(-52).
49
Let o(u) = -u**3 - 137*u**2 - 655*u + 81. Give o(-132).
-579
Let p(o) = -7*o**3 + 4*o**2 - 20*o + 21. Give p(5).
-854
Let h(d) = 51*d + 3134. Give h(-60).
74
Let o(q) = -14*q + 1627. Give o(-7).
1725
Let q(o) = -o**3 - 706*o**2 - 2457*o + 1417. Determine q(-4).
13
Let j(w) = -168*w + 8956. Calculate j(51).
388
Let r(k) = -2*k**3 + 111*k**2 + 541*k + 376. What is r(60)?
436
Let q(c) = -c**3 - 68*c**2 - 193*c + 4029. Calculate q(-64).
-3
Let r(b) = 1187*b + 47314. Calculate r(-40).
-166
Let f(w) = 9*w**2 + 2742*w + 75638. Calculate f(-274).
14
Let x(f) = 944*f - 474834. Determine x(503).
-2
Let v(w) = -2*w**3 - 13*w**2 - 748*w - 5215. What is v(-7)?
70
Let p(s) = -929*s + 52871. Give p(56).
847
Let a(q) = -2*q**2 + 714*q + 22418. Give a(-29).
30
Let d(t) = 851*t - 18509. Give d(21).
-638
Let a(d) = 9*d**3 + 555*d**2 + 366*d + 12. Give a(-61).
12
Let h(u) = -u**3 - 27*u**2 - 16*u - 115. What is h(-26)?
-375
Let u(w) = w**3 - 238*w**2 + 2910*w + 3352. Calculate u(225).
-23
Let o(h) = -203*h + 23255. Give o(117).
-496
Let r(x) = -3*x**3 + 211*x**2 - 150*x + 5614. What is r(70)?
14
Let d(r) = 76610*r - 612885. What is d(8)?
-5
Let m(g) = 3687*g - 37081. Determine m(10).
-211
Let x(t) = 253*t + 4524. Give x(-16).
476
Let o(n) = -9*n**2 - 166*n - 1153. Calculate o(-7).
-432
Let l(n) = -2*n**3 - 267*n**2 - 104*n + 4996. Give l(-133).
1139
Let k(j) = -7*j**2 + 2018*j - 41500. What is k(266)?
-4
Let v(w) = 10*w - 262. Give v(-9).
-352
Let i(l) = -1354*l + 204396. Calculate i(150).
1296
Let n(w) = -2*w**2 + 42*w + 113. Determine n(24).
-31
Let t(z) = -z**2 + 102129*z - 2144267. What is t(21)?
1
Let a(l) = -1146*l + 49084. Give a(38).
5536
Let n(b) = -5*b**2 + 827*b + 312459. What is n(346)?
21
Let n(z) = -z**3 - 38*z**2 + 2155*z + 3. Determine n(31).
499
Let b(y) = -y**3 + 25*y**2 + 188*y - 225. Give b(31).
-163
Let o(i) = 1608*i**2 - 13*i - 22. Give o(-1).
1599
Let x(b) = -b**2 - 117*b + 3576. What is x(27)?
-312
Let a(w) = 34849*w - 34855. Calculate a(1).
-6
Let y(v) = -566*v**2 - 32589*v + 13844. Give y(-58).
-18
Let p(d) = -d**2 - 1487*d - 16167. Calculate p(-11).
69
Let w(d) = 92*d**2 + 23*d - 180. What is w(6)?
3270
Let f(u) = -61802*u + 308911. Give f(5).
-99
Let z(q) = -242*q**2 - 96670*q - 44683. What is z(-399)?
5
Let i(g) = 1750*g - 271224. Calculate i(155).
26
Let t(p) = 23*p**2 + 927*p + 310. What is t(-40)?
30
Let t(n) = 69*n**3 + 4755*n**2 - 412*n + 234. Determine t(-69).
96
Let c(d) = -2*d**2 - 135*d + 1064. What is c(-73)?
261
Let w(c) = -12*c**3 - 659*c**2 + 80*c + 1399. Determine w(-55).
24
Let i(z) = -192*z**3 - 54*z**2 + 56*z - 2. Calculate i(1).
-192
Let b(q) = 667*q - 194771. Calculate b(292).
-7
Let s(k) = 10229*k - 869463. What is s(85)?
2
Let u(o) = 9*o**3 - 350*o**2 - 38*o + 25. Give u(39).
64
Let i(t) = -2*t**3 - 11*t**2 + 96*t + 244. Determine i(-9).
-53
Let a(l) = -994600*l + 994599. Determine a(1).
-1
Let o(v) = 1034*v**2 - 13455*v + 172. What is o(13)?
3
Let l(p) = 28117*p - 4386252. Calculate l(156).
0
Let n(y) = 8216*y + 124468. What is n(-15)?
1228
Let q(o) = 2*o**3 + 91*o**2 - 1476*o - 918. Determine q(-58).
590
Let x(d) = d**3 - 42*d**2 - 92*d + 496. Determine x